0214?
101400030223
In base 10, what is 2447 - -1?
2448
In base 16, what is 127 + -7034?
-6f0d
In base 5, what is -12 - 20314410422?
-20314410434
In base 3, what is 2111 - 12210101210?
-12210022022
In base 7, what is -2 + -263060446?
-263060451
In base 11, what is 520263496 + -4?
520263492
In base 3, what is -1 + -1010101201210010?
-1010101201210011
In base 16, what is a5 - 48b5?
-4810
In base 11, what is -96315 + -6a?
-96384
In base 16, what is -40be - -102a?
-3094
In base 10, what is 3 + 77938296?
77938299
In base 7, what is -1332 - -515436?
514104
In base 3, what is 21211011 + 20012?
22001100
In base 3, what is -12211110 - -21111211?
1200101
In base 5, what is -1322 - -220433443?
220432121
In base 14, what is 9 - -41258?
41263
In base 9, what is 714504 + 60?
714564
In base 5, what is -1343144 + -2?
-1343201
In base 12, what is -5 - -100b136?
100b131
In base 6, what is 11433503 + -45?
11433414
In base 8, what is -426 + 44552?
44124
In base 3, what is 111221211121211 + 1?
111221211121212
In base 8, what is 71 + 7642212?
7642303
In base 14, what is -2 - 73d08d?
-73d091
In base 12, what is -316670 - 247?
-3168b7
In base 13, what is -5 + -a87?
-a8c
In base 12, what is -9 + -111a145?
-111a152
In base 6, what is -4 + 4014041352?
4014041344
In base 5, what is 11103 + 1234244?
1300402
In base 12, what is 3 - -b45988?
b4598b
In base 14, what is 1 - 2479541?
-2479540
In base 11, what is 78 - -24388a?
243957
In base 14, what is -10206914 - -11?
-10206903
In base 15, what is 1 + -2421e?
-2421d
In base 9, what is 116 - -226032?
226148
In base 7, what is 15554440 + -146?
15554261
In base 11, what is 66a4a21a - -5?
66a4a224
In base 15, what is -3a8 - -1916e?
18cb6
In base 3, what is -11 + 10002200111212?
10002200111201
In base 7, what is 4326401 - -22?
4326423
In base 5, what is -120 + -13120300442?
-13120301112
In base 12, what is -1376 + 14a?
-1228
In base 3, what is 2021012112112 - 1?
2021012112111
In base 6, what is -13030531 + 32?
-13030455
In base 13, what is -257 - -11728?
114a1
In base 9, what is 1 + -412534268?
-412534267
In base 7, what is 22102602 - -214?
22103116
In base 10, what is -9319511 - -3?
-9319508
In base 3, what is -10 + 112221221202?
112221221122
In base 5, what is 13 - -1013310231?
1013310244
In base 16, what is b50 + 22f?
d7f
In base 4, what is 2001 - 100313221?
-100311220
In base 7, what is 4033204 + 65?
4033302
In base 14, what is 526bc - 0?
526bc
In base 8, what is -1232553 - -20?
-1232533
In base 4, what is 0 - 3211001331301?
-3211001331301
In base 12, what is 265a3b3a + -6?
265a3b34
In base 4, what is 3130112310 - 23?
3130112221
In base 5, what is 1031244 + 13041?
1044340
In base 6, what is -14011 - 105?
-14120
In base 7, what is -421632 + -330?
-422262
In base 16, what is 23e2 - 256?
218c
In base 14, what is 3 - -25379bb?
25379c0
In base 7, what is -532005 - 5?
-532013
In base 13, what is 21b - 5974c?
-59531
In base 4, what is 11101201 + -3022?
11032113
In base 15, what is -3 + 218278?
218275
In base 14, what is 29 - -113210?
113239
In base 12, what is -a4a3 + 3834a?
29a67
In base 8, what is -6 - -4772664?
4772656
In base 16, what is 4bfc + -2a44?
21b8
In base 7, what is -1 + 3511210466?
3511210465
In base 2, what is -1111 + -100011010010000010001?
-100011010010000100000
In base 16, what is -3c + b98da?
b989e
In base 14, what is -4 + -97304a?
-973050
In base 3, what is 1001 + 220211122010002?
220211122011010
In base 13, what is -16c238 + 0?
-16c238
In base 4, what is 311231331 - 103302?
311122023
In base 6, what is -1335222 + -133?
-1335355
In base 9, what is -6053 + -456313?
-463366
In base 7, what is -5 + -345005302?
-345005310
In base 2, what is 11 + 110011100001100000000000011?
110011100001100000000000110
In base 7, what is -2310126354 + -1?
-2310126355
In base 15, what is 4 + 1a4ac5a?
1a4ac5e
In base 3, what is 11222020201022202 - 2?
11222020201022200
In base 7, what is -16 - 64103332?
-64103351
In base 16, what is -693088 + 1?
-693087
In base 6, what is -1 + 211011135?
211011134
In base 7, what is 4 - 21543125?
-21543121
In base 4, what is -10033013301101 + 1?
-10033013301100
In base 7, what is -1153051 + 16042?
-1134006
In base 3, what is 0 + 2011002212202?
2011002212202
In base 6, what is 123 + 41403014?
41403141
In base 6, what is -4 + -320322315?
-320322323
In base 7, what is 2032230 + -1413?
2030514
In base 5, what is -3 - -22124131303?
22124131300
In base 12, what is 9a256 - 7b?
9a197
In base 15, what is -5b + 577548?
5774dc
In base 15, what is 29be + -198e?
1030
In base 7, what is 5 + 122344500?
122344505
In base 3, what is -1101000222210 + 10212?
-1101000211221
In base 2, what is 110011110011100111000011 + 11?
110011110011100111000110
In base 7, what is 222 - -15320061?
15320313
In base 10, what is -1173059 - -355?
-1172704
In base 5, what is 141 + -134432002?
-134431311
In base 5, what is 142 - 432414302?
-432414110
In base 7, what is 1460 + -15554404?
-15552614
In base 12, what is -221a47a - -1?
-221a479
In base 5, what is -10 + 141120433200?
141120433140
In base 10, what is 4817 - 885?
3932
In base 4, what is -201033110230 + 3?
-201033110221
In base 4, what is -2210002320 - 211?
-2210003131
In base 7, what is 434061445 + -52?
434061363
In base 14, what is -4 + -193cc2d9?
-193cc2dd
In base 6, what is 41254012 - -10?
41254022
In base 3, what is 101000122212111 + 10?
101000122212121
In base 9, what is 2321 - -1344?
3665
In base 11, what is 1a4 - 10780?
-10587
In base 2, what is -10010 - -101101010001110101100?
101101010001110011010
In base 3, what is 12 - 12022021122202?
-12022021122120
In base 7, what is 453013 - 2202?
450511
In base 7, what is 26 + -60344?
-60315
In base 16, what is 4 - e107426?
-e107422
In base 6, what is 2045533 + 2?
2045535
In base 16, what is 1752 - 620?
1132
In base 10, what is -179 + 201345?
201166
In base 5, what is -2333 - 410241?
-413124
In base 7, what is 33 - -652145?
652211
In base 9, what is -5646 + 6334?
577
In base 9, what is 28872854 + 1?
28872855
In base 8, what is 27427 + -33?
27374
In base 5, what is -402210021 - 2?
-402210023
In base 16, what is -a572 + -107b?
-b5ed
In base 13, what is 12424b6 - -39?
1242522
In base 6, what is 32451353 - -10?
32451403
In base 8, what is -164 + 213122?
212736
In base 6, what is 50 + -5302151?
-5302101
In base 13, what is 152c + 48698?
49bc7
In base 2, what is -1011101001111000 + 100000101101?
-1011001001001011
In base 3, what is -1010010101 - 211210?
-1010222011
In base 9, what is 57 + -428486?
-428428
In base 14, what is -2370d + 41c?
-232d1
In base 12, what is 16 + 331302?
331318
In base 11, what is -4a892 - 86?
-4a968
In base 12, what is -4 + -13018679?
-13018681
In base 14, what is -5b94d + -b7?
-5ba26
In base 13, what is 6a + -6927?
-688a
In base 7, what is -222210 - 22304?
-244514
In base 5, what is -301124413010 - -3?
-301124413002
In base 11, what is 47 - -319831a?
3198366
In base 2, what is 10011110010011111010011000 + 1001?
10011110010011111010100001
In base 8, what is -60377656 - -1?
-60377655
In base 6, what is 11213 + 122520?
134133
In base 7, what is 15444113 + -1?
15444112
In base 14, what is -35 - -10195a?
101925
In base 10, what is -1729 + -43377?
-45106
In base 6, what is -2 + 3534501035?
3534501033
In base 12, what is -126255b - 37?
-1262596
In base 16, what is -d8 - -14862?
1478a
In base 13, what is -391c89b - -4?
-391c897
In base 8, what is -671 + -2404?
-3275
In base 7, what is -4 + -30504146?
-30504153
In base 3, what is -1 + -22122112101?
-22122112102
In base 7, what is -316 - 11300630?
-11301246
In base 3, what is -1 - 10022020000111?
-10022020000112
In base 4, what is -13211 - -222102202?
222022331
In base 15, what is c - -17e586?
17e593
In base 8, what is 1122 + -7250673?
-7247551
In base 3, what is 220000 - -11002212?
11222212
In base 15, what is 7821d52 + -2?
7821d50
In base 14, what is -81 + -1c528?
-1c5a9
In base 2, what is 10 - 1001000000100000000001?
-1001000000011111111111
In base 9, what is -3 - -538555?
538552
In base 5, what is 3040232331 + -1402?
3040230424
In base 2, what is -111011000111000 + -10100011?
-111011011011011
In base 6, what is -20532 + -1111423?
-1132355
In base 9, what is 615 + 47287?
48013
In base 8, what is 0 + 5203446?
5203446
In base 11, what is 5 - 133516503?
-1335164a9
In base 7,